7
Let h(s) = 90*s + 75. Let o be h(6). Suppose p + 997 = 5*i, -3*i - 4*p = p - o. List the prime factors of i.
2, 5
Suppose -4*u - 4*y - 40 = 0, 3*u + 51 = -0*u + 4*y. Let f = 43 + u. Suppose -29*m + f*m - 73 = 0. List the prime factors of m.
73
Let l(w) = 61*w - 1. Let b be 7*(2 - 1) + -1. Let t(c) = -c**2 + 6*c + 1. Let a be t(b). What are the prime factors of l(a)?
2, 3, 5
What are the prime factors of 21/(105/(-10)) - 69282/(-2)?
11, 47, 67
Let y(v) = -26*v - 121. Let q be (-35)/(-70) - (-2 + (-45)/(-2)). What are the prime factors of y(q)?
3, 7, 19
Let u = -206 + 208. Suppose 7300 = 5*b - 5*y, 0 = 3*b - u*b - 4*y - 1451. What are the prime factors of b?
7, 11, 19
Suppose 2*p = -125 + 101. Let k be (-34)/(-8) + 3/p. Suppose 0 = k*d + 88 - 300. What are the prime factors of d?
53
Let y(s) = 7*s + 17. Let r be y(-2). Suppose n + 4*n + r*k - 4461 = 0, -3*n + 2665 = -4*k. List the prime factors of n.
3, 11
Suppose 14260058 - 2282943 = 706*z - 34848335. List the prime factors of z.
5, 7, 379
What are the prime factors of 8/(80/(-2875))*96/(-6)?
2, 5, 23
Suppose 5*s = 4*w - 52, 2*s = -2*s - 4*w - 20. Let h(g) = -g**2 - 7*g - 3. Let c be h(s). Let p = 16 - c. List the prime factors of p.
3
Suppose 3*h = 54 + 27. Suppose 0 = h*l - 21*l - 2370. List the prime factors of l.
5, 79
Let x = -14 - -30. Let g = 2234 + -2241. Let r = x + g. List the prime factors of r.
3
Let i(n) = 3*n**2 - 74*n + 513. List the prime factors of i(65).
2, 59, 71
Let c(r) = 94*r**2 + 3*r - 2. Let m be (-10 + (-1 - -1))*4. Let b = 41 + m. List the prime factors of c(b).
5, 19
List the prime factors of 5 + -4 + 930 - 342/(-57).
937
Suppose -11 = 4*f + 3*r - 42, 2*f = 5*r - 17. Suppose q - l + 12 = 0, f*q + 3*l + 45 = 4. Let c = q - -32. List the prime factors of c.
3, 7
Let v(i) be the third derivative of -13*i**6/120 - i**5/20 - i**4/6 + i**3/3 - 3*i**2. Let a = 639 + -641. What are the prime factors of v(a)?
2, 3, 17
Let c(l) be the third derivative of 11*l**5/120 - 31*l**4/24 + 7*l**3/6 + 17*l**2. Let r(f) be the first derivative of c(f). List the prime factors of r(10).
79
Let d = 203 - 186. Suppose -3626 = -d*b + 10*b. List the prime factors of b.
2, 7, 37
Suppose 28*w = 29*w - 7716. What are the prime factors of w?
2, 3, 643
Let w(o) be the first derivative of 4*o**2 + 20*o - 32. Let x be w(-4). List the prime factors of (2 - -1)*388/x*-1.
97
Let l(v) = -16*v - 30. Let w be l(-2). List the prime factors of -6 + (95 - (6 + w)).
3
List the prime factors of (286153/(-84))/(28/(-336)).
40879
What are the prime factors of (-1)/4 + (-2637434)/(-296)?
2, 3, 5, 11
Let q(z) = 91*z - 44. Let b(k) = k**3 - 26*k**2 - 25*k - 48. Let t be b(27). List the prime factors of q(t).
2, 251
Let a be (-4 - 2) + -1 + 3 + -4. Let j = 294 - a. What are the prime factors of j?
2, 151
Let k be 12/9 - 2590/(-15). Let g = 120 - k. Let c = -34 - g. List the prime factors of c.
2, 5
Let k = 18576 - -16591. What are the prime factors of k?
11, 23, 139
Let h be 436*-3*(-2)/12. Let y = -457 + 461. Suppose -y*g = -2*d + h, 5*d - 614 = -4*g - 83. List the prime factors of d.
107
Suppose -9*a + 16 + 47 = 0. Suppose -6*t = -a*t + 166. Suppose -3*p + 167 = -t. What are the prime factors of p?
3, 37
Let g(a) = -9*a**2 + 3*a + 42. Let r be g(-6). Let f = -122 - r. List the prime factors of f.
2, 89
Suppose -16*i + 12*i + 75100 = -6*z, z = -2*i + 37550. List the prime factors of i.
5, 751
Let u = 11060 + 120. What are the prime factors of u?
2, 5, 13, 43
Suppose -n + 10250 + 2518 = -10421. What are the prime factors of n?
23189
Let b be (2/4)/((-4)/40). What are the prime factors of (-5*b/25)/2*914?
457
Suppose 54244 = g + 412*f - 414*f, -2*g + 108492 = -3*f. List the prime factors of g.
2, 3, 11, 137
Let k be 3 + -1 + 66 + -20. Suppose 2*b + b = 102. Let m = k - b. What are the prime factors of m?
2, 7
Let q = 503 - 809. Let v = 245 - q. List the prime factors of v.
19, 29
Let h(j) = 43*j + 9. Suppose -2*s + l = 3*s - 28, 3 = -l. Let w be h(s). Let u = w - 122. List the prime factors of u.
2, 3, 17
Let g = -5370 + 24851. What are the prime factors of g?
7, 11, 23
Suppose 4*d = -4*x + 2*d + 12, -5*x = -4*d - 2. Suppose -x*g - 1063 = -1759. What are the prime factors of g?
2, 3, 29
Let g be (-1 - 0) + 2*292/(-8). Let y be (1*g)/(48/(-21) - -2). Suppose 0 = 6*l - 173 - y. List the prime factors of l.
2, 3
Let s = -3583 + 5822. What are the prime factors of s?
2239
Let q = -1144 + 11466. What are the prime factors of q?
2, 13, 397
Suppose 0 = 119*y - 107*y - 80820. List the prime factors of y.
3, 5, 449
Suppose 2*b - 20*d = -21*d + 9643, -3*b - d + 14466 = 0. List the prime factors of b.
7, 13, 53
Suppose 3*z + 14 = b, -3*z + 8*z = 2*b - 24. Let p be (6 - 6)*(b - 1). Suppose w + 2 = -p*w, 0 = -3*n - 2*w + 200. List the prime factors of n.
2, 17
Suppose 4*t - 2*j - 228 = 0, 0 = 40*t - 38*t - 5*j - 98. List the prime factors of 777/1 - (-61 + t).
19, 41
Let q(f) = 765*f + 402. What are the prime factors of q(7)?
3, 19, 101
Let s be 52/(5 - 9)*-1. Let f(t) = 24*t - 15. Let h be f(s). Suppose -6*y - 75 = -h. What are the prime factors of y?
37
Let l = 22 - 20. Let k(g) = -8*g**3 + g**2 - 2*g + 8. Let n be k(l). Let f = n + 82. List the prime factors of f.
2, 13
Let g(o) = -2*o**3 + 9*o**2 - 5*o + 4. Let v be g(4). Suppose 3*k = -v*k. List the prime factors of (k + 3)/(3/13).
13
Let r = 1613 + 2140. What are the prime factors of r?
3, 139
Let l(k) = -1772*k - 5765. List the prime factors of l(-38).
23, 2677
Let q(g) = -766 + 766 + 8*g - g**2. Let b be q(7). Let w(t) = -t**2 + 3*t + 34. List the prime factors of w(b).
2, 3
Suppose t + 0*t = -4*w - 73, -5*t + w - 365 = 0. Let m = -285 + 102. Let s = t - m. List the prime factors of s.
2, 5, 11
Suppose 58 - 142 = -14*f. Suppose 58*v = -f*v + 103744. What are the prime factors of v?
1621
List the prime factors of ((-721845)/(-108))/((-10)/(-16)).
2, 5347
Let n(s) = -3 + 1 - s + 13 + 16. Let l(r) = -2*r + 53. Let d(u) = 6*l(u) - 11*n(u). What are the prime factors of d(8)?
13
Let b be 8/(-20) - (-78)/(-30) - 10. List the prime factors of 5 - (6487/b + 0/2).
2, 3, 7
Suppose 0 = 23*n - 5410 - 8344. Let x = 1095 - n. What are the prime factors of x?
7, 71
Let i(w) = -2*w**2 - 19*w - 5. Let o be i(-9). Suppose -2*r + 2*u + u + 21 = 0, -4*r + 32 = -o*u. Suppose -111 + 3 = -r*a. What are the prime factors of a?
2, 3
Suppose -1046 = -2*a + 194. Suppose 3*r + a = 4*u, -5 = 2*u + 3. Let g = -116 - r. List the prime factors of g.
2, 3
Let h(s) = -2*s - 14. Let x be h(-7). Suppose -6*p + 5*p + 2 = x. Suppose p*a = -3*g + 41 + 23, -4*a = 4*g - 88. List the prime factors of g.
2, 5
Let d(k) = 4 + 6*k**2 - 337*k + 335*k - 1. Let f be 38/9 - 2/9. List the prime factors of d(f).
7, 13
Let c = -164 - -172. Suppose 10*q - c*q = 1170. What are the prime factors of q?
3, 5, 13
Suppose 4*i - 24844 = -q, 0 = 5*q + i - 32836 - 91384. What are the prime factors of q?
2, 6211
Let h(b) = -8*b**3 + 3*b**2 - 27*b - 53. List the prime factors of h(-12).
73, 199
Let q = 65819 + -1662. List the prime factors of q.
64157
Suppose 220*h = 200*h + 152660. List the prime factors of h.
17, 449
Let b be 0 + 405/(1/1). Suppose 3*x - 3*l + 0 + 3 = 0, 12 = 4*l. Suppose -x*h = h - b. List the prime factors of h.
3, 5
Let q(c) = -c**2 + 1. Let h(j) = -2*j**2 + j - 18. Let r(s) = -h(s) - 3*q(s). Let z(w) = -6*w + 53. Let i be z(8). What are the prime factors of r(i)?
3, 5
Suppose -19*h + 808 + 85 = 0. Let z = -34 + h. What are the prime factors of z?
13
List the prime factors of (-3)/(-9) - (-903148)/123.
7, 1049
Let r = -234 - -239. Suppose -r*m + 30*n + 827 = 34*n, 660 = 4*m + 4*n. What are the prime factors of m?
167
Let h(d) = 2*d**3 - 66*d**2 - 259*d - 48. What are the prime factors of h(39)?
3, 37, 73
Let x be (-49)/2 - (-3)/(-6). Let r be ((-4)/10)/(3 + 76/x). What are the prime factors of (r/75*5)/(1/327)?
2, 109
Let a be ((-23)/5 - -5)*(-30)/(-2). Let f(o) = a*o**2 - 3*o**2 + 4*o**2 - o + 0*o**2. What are the prime factors of f(2)?
2, 13
Suppose -13*n + 33 + 19 = 0. Let y(c) = -n*c - 4*c + 5*c + 5*c + 11. List the prime factors of y(10).
31
Suppose 0 = -2*v + 4*g + 782, 67*v = 71*v - 4*g - 1560. Suppose h - v = 168. What are the prime factors of h?
557
Let l(c) = c**2 + 45*c - 249. List the prime factor